{"id":5857,"date":"2022-09-12T20:48:56","date_gmt":"2022-09-12T23:48:56","guid":{"rendered":"https:\/\/deportesmil.com\/?page_id=5857"},"modified":"2022-11-06T15:21:33","modified_gmt":"2022-11-06T18:21:33","slug":"a-p-e-f-a-s","status":"publish","type":"page","link":"https:\/\/deportesmil.com\/?page_id=5857","title":{"rendered":"A.P.E.F.A.S"},"content":{"rendered":"\t\t<div data-elementor-type=\"wp-page\" data-elementor-id=\"5857\" class=\"elementor elementor-5857\" data-elementor-settings=\"{&quot;ha_cmc_init_switcher&quot;:&quot;no&quot;}\">\n\t\t\t\t\t\t<section class=\"elementor-section elementor-top-section elementor-element elementor-element-280c81a elementor-section-full_width elementor-section-height-default elementor-section-height-default wpr-particle-no wpr-jarallax-no wpr-parallax-no wpr-sticky-section-no wpr-equal-height-no\" data-id=\"280c81a\" data-element_type=\"section\" data-e-type=\"section\" data-settings=\"{&quot;_ha_eqh_enable&quot;:false}\">\n\t\t\t\t\t\t<div class=\"elementor-container elementor-column-gap-default\">\n\t\t\t\t\t<div class=\"elementor-column elementor-col-100 elementor-top-column elementor-element elementor-element-722f316 contenedor-glassdos\" data-id=\"722f316\" data-element_type=\"column\" data-e-type=\"column\">\n\t\t\t<div class=\"elementor-widget-wrap elementor-element-populated\">\n\t\t\t\t\t<div class=\"elementor-background-overlay\"><\/div>\n\t\t\t\t\t\t<div class=\"elementor-element elementor-element-eb5de2c elementor-widget elementor-widget-heading\" data-id=\"eb5de2c\" data-element_type=\"widget\" data-e-type=\"widget\" data-widget_type=\"heading.default\">\n\t\t\t\t<div class=\"elementor-widget-container\">\n\t\t\t\t\t<h2 class=\"elementor-heading-title elementor-size-xl\">A.P.E.F.A.S<\/h2>\t\t\t\t<\/div>\n\t\t\t\t<\/div>\n\t\t\t\t<div class=\"elementor-element elementor-element-7937498 elementor-widget elementor-widget-heading\" data-id=\"7937498\" data-element_type=\"widget\" data-e-type=\"widget\" data-widget_type=\"heading.default\">\n\t\t\t\t<div class=\"elementor-widget-container\">\n\t\t\t\t\t<h4 class=\"elementor-heading-title elementor-size-default\">ASOCIACI\u00d3N DEL PERSONAL EXTRANJERO DE LAS FUERZAS ARMADAS\nY DE SEGURIDAD ACREDITADOS ANTE LA REP\u00daBLICA ARGENTINA \n<\/h4>\t\t\t\t<\/div>\n\t\t\t\t<\/div>\n\t\t\t\t\t<\/div>\n\t\t<\/div>\n\t\t\t\t\t<\/div>\n\t\t<\/section>\n\t\t\t\t<section class=\"elementor-section elementor-top-section elementor-element elementor-element-c206507 elementor-section-boxed elementor-section-height-default elementor-section-height-default wpr-particle-no wpr-jarallax-no wpr-parallax-no wpr-sticky-section-no wpr-equal-height-no\" data-id=\"c206507\" data-element_type=\"section\" data-e-type=\"section\" data-settings=\"{&quot;_ha_eqh_enable&quot;:false}\">\n\t\t\t\t\t\t<div class=\"elementor-container elementor-column-gap-default\">\n\t\t\t\t\t<div class=\"elementor-column elementor-col-100 elementor-top-column elementor-element elementor-element-ae70f50\" data-id=\"ae70f50\" data-element_type=\"column\" data-e-type=\"column\">\n\t\t\t<div class=\"elementor-widget-wrap elementor-element-populated\">\n\t\t\t\t\t\t<div class=\"elementor-element elementor-element-acc84b8 elementor-widget elementor-widget-spacer\" data-id=\"acc84b8\" data-element_type=\"widget\" data-e-type=\"widget\" data-widget_type=\"spacer.default\">\n\t\t\t\t<div class=\"elementor-widget-container\">\n\t\t\t\t\t\t\t<div class=\"elementor-spacer\">\n\t\t\t<div class=\"elementor-spacer-inner\"><\/div>\n\t\t<\/div>\n\t\t\t\t\t\t<\/div>\n\t\t\t\t<\/div>\n\t\t\t\t\t<\/div>\n\t\t<\/div>\n\t\t\t\t\t<\/div>\n\t\t<\/section>\n\t\t\t\t<section class=\"elementor-section elementor-top-section elementor-element elementor-element-191bc0c elementor-section-full_width elementor-section-height-default elementor-section-height-default wpr-particle-no wpr-jarallax-no wpr-parallax-no wpr-sticky-section-no wpr-equal-height-no\" data-id=\"191bc0c\" data-element_type=\"section\" data-e-type=\"section\" data-settings=\"{&quot;_ha_eqh_enable&quot;:false}\">\n\t\t\t\t\t\t<div class=\"elementor-container elementor-column-gap-default\">\n\t\t\t\t\t<div class=\"elementor-column elementor-col-50 elementor-top-column elementor-element elementor-element-0f0071f contenedor-glassdos\" data-id=\"0f0071f\" data-element_type=\"column\" data-e-type=\"column\">\n\t\t\t<div class=\"elementor-widget-wrap elementor-element-populated\">\n\t\t\t\t\t\t<div class=\"elementor-element elementor-element-377b65f elementor-widget elementor-widget-heading\" data-id=\"377b65f\" data-element_type=\"widget\" data-e-type=\"widget\" data-widget_type=\"heading.default\">\n\t\t\t\t<div class=\"elementor-widget-container\">\n\t\t\t\t\t<h2 class=\"elementor-heading-title elementor-size-large\">Creaci\u00f3n:<\/h2>\t\t\t\t<\/div>\n\t\t\t\t<\/div>\n\t\t\t\t<div class=\"elementor-element elementor-element-c6442b1 elementor-widget elementor-widget-text-editor\" data-id=\"c6442b1\" data-element_type=\"widget\" data-e-type=\"widget\" data-widget_type=\"text-editor.default\">\n\t\t\t\t<div class=\"elementor-widget-container\">\n\t\t\t\t\t\t\t\t\t<p>En la ciudad de Buenos Aires &#8211; Argentina, con fecha 06 de octubre del a\u00f1o 1984, se crea una entidad de car\u00e1cter social, sin fines de lucro, en la cual participan voluntariamente todos los Suboficiales que se desempe\u00f1an en las diferentes Agregadur\u00edas Extranjeras de Defensa, Militares, Navales, A\u00e9reas y Policiales, acreditados ante la Rep\u00fablica Argentina, cuya denominaci\u00f3n es: Asociaci\u00f3n del Personal Extranjero de las Fuerzas Armadas y de Seguridad &#8220;A.P.E.F.A.S.&#8221;.<\/p>\t\t\t\t\t\t\t\t<\/div>\n\t\t\t\t<\/div>\n\t\t\t\t<div class=\"elementor-element elementor-element-aa0328d elementor-widget elementor-widget-heading\" data-id=\"aa0328d\" data-element_type=\"widget\" data-e-type=\"widget\" data-widget_type=\"heading.default\">\n\t\t\t\t<div class=\"elementor-widget-container\">\n\t\t\t\t\t<h2 class=\"elementor-heading-title elementor-size-large\">Objetivo:<\/h2>\t\t\t\t<\/div>\n\t\t\t\t<\/div>\n\t\t\t\t<div class=\"elementor-element elementor-element-2791083 elementor-widget elementor-widget-text-editor\" data-id=\"2791083\" data-element_type=\"widget\" data-e-type=\"widget\" data-widget_type=\"text-editor.default\">\n\t\t\t\t<div class=\"elementor-widget-container\">\n\t\t\t\t\t\t\t\t\t<p>El objetivo fundamental de la Asociaci\u00f3n ser\u00e1: &#8220;Promover el fortalecimiento de los lazos de integraci\u00f3n, amistad, camarader\u00eda y conocimiento mutuo entre sus socios&#8221;, a trav\u00e9s de actividades de car\u00e1cter social, cultural y recreativo. Asimismo, fomentar\u00e1 las relaciones con los Suboficiales de las Fuerzas Armadas Argentinas.<\/p>\t\t\t\t\t\t\t\t<\/div>\n\t\t\t\t<\/div>\n\t\t\t\t<div class=\"elementor-element elementor-element-ca89090 elementor-widget elementor-widget-heading\" data-id=\"ca89090\" data-element_type=\"widget\" data-e-type=\"widget\" data-widget_type=\"heading.default\">\n\t\t\t\t<div class=\"elementor-widget-container\">\n\t\t\t\t\t<h2 class=\"elementor-heading-title elementor-size-large\">Existen las siguientes categor\u00edas de socios:<\/h2>\t\t\t\t<\/div>\n\t\t\t\t<\/div>\n\t\t\t\t<div class=\"elementor-element elementor-element-ca93d7f elementor-widget elementor-widget-text-editor\" data-id=\"ca93d7f\" data-element_type=\"widget\" data-e-type=\"widget\" data-widget_type=\"text-editor.default\">\n\t\t\t\t<div class=\"elementor-widget-container\">\n\t\t\t\t\t\t\t\t\t<p>\u2022 <strong>Activos<\/strong>: Los Suboficiales que se desempe\u00f1en en las diferentes Agregadur\u00edas Extranjeras de Defensa, Militares, Navales, A\u00e9reas y Policiales, acreditados ante la Rep\u00fablica Argentina.<br \/>\u2022<strong> Invitados Especiales<\/strong>: Los Suboficiales que se desempe\u00f1an en los Estados Mayores de las Fuerzas Armadas, Gendarmer\u00eda, Prefectura Naval y Servicio Penitenciario Federal Argentino, Suboficiales en situaci\u00f3n de retiro y ex socios.<br \/>\u2022 <strong>Honorarios<\/strong>: Aquellas personas que contribuyan y sean un aporte real al fortalecimiento de la Asociaci\u00f3n, incorporados a \u00e9sta de com\u00fan acuerdo de todos los socios.<\/p>\t\t\t\t\t\t\t\t<\/div>\n\t\t\t\t<\/div>\n\t\t\t\t<div class=\"elementor-element elementor-element-76eb04d elementor-widget elementor-widget-heading\" data-id=\"76eb04d\" data-element_type=\"widget\" data-e-type=\"widget\" data-widget_type=\"heading.default\">\n\t\t\t\t<div class=\"elementor-widget-container\">\n\t\t\t\t\t<h4 class=\"elementor-heading-title elementor-size-medium\">OBS: Todos los procedimientos, se obra de conformidad al Estatuto vigentes de la Asociaci\u00f3n.<\/h4>\t\t\t\t<\/div>\n\t\t\t\t<\/div>\n\t\t\t\t<div class=\"elementor-element elementor-element-6aaf247 elementor-widget elementor-widget-text-editor\" data-id=\"6aaf247\" data-element_type=\"widget\" data-e-type=\"widget\" data-widget_type=\"text-editor.default\">\n\t\t\t\t<div class=\"elementor-widget-container\">\n\t\t\t\t\t\t\t\t\t<p><strong><em>SOP Trnp FRANCISCO OCAMPOS GOMEZ<br \/><\/em><\/strong><strong><em>Aux Agregado de Defensa de Paraguay<br \/><\/em><\/strong><strong><em>PRESIDENTE \u00a0APEFAS<\/em><\/strong><\/p>\t\t\t\t\t\t\t\t<\/div>\n\t\t\t\t<\/div>\n\t\t\t\t\t<\/div>\n\t\t<\/div>\n\t\t\t\t<div class=\"elementor-column elementor-col-50 elementor-top-column elementor-element elementor-element-1bd8580\" data-id=\"1bd8580\" data-element_type=\"column\" data-e-type=\"column\">\n\t\t\t<div class=\"elementor-widget-wrap elementor-element-populated\">\n\t\t\t\t\t\t<section class=\"elementor-section elementor-inner-section elementor-element elementor-element-05cfd88 elementor-section-full_width elementor-section-height-default elementor-section-height-default wpr-particle-no wpr-jarallax-no wpr-parallax-no wpr-sticky-section-no wpr-equal-height-no\" data-id=\"05cfd88\" data-element_type=\"section\" data-e-type=\"section\" data-settings=\"{&quot;background_background&quot;:&quot;classic&quot;,&quot;_ha_eqh_enable&quot;:false}\">\n\t\t\t\t\t\t<div class=\"elementor-container elementor-column-gap-default\">\n\t\t\t\t\t<div class=\"elementor-column elementor-col-100 elementor-inner-column elementor-element elementor-element-23b04cd\" data-id=\"23b04cd\" data-element_type=\"column\" data-e-type=\"column\">\n\t\t\t<div class=\"elementor-widget-wrap elementor-element-populated\">\n\t\t\t\t\t\t<div class=\"elementor-element elementor-element-45a5c57 elementor-widget elementor-widget-image\" data-id=\"45a5c57\" data-element_type=\"widget\" data-e-type=\"widget\" data-widget_type=\"image.default\">\n\t\t\t\t<div class=\"elementor-widget-container\">\n\t\t\t\t\t\t\t\t\t\t\t\t\t\t\t<img fetchpriority=\"high\" decoding=\"async\" width=\"300\" height=\"297\" src=\"https:\/\/deportesmil.com\/wp-content\/uploads\/2022\/10\/LOGO-300x297.png\" class=\"attachment-medium size-medium wp-image-6103\" alt=\"\" srcset=\"https:\/\/deportesmil.com\/wp-content\/uploads\/2022\/10\/LOGO-300x297.png 300w, https:\/\/deportesmil.com\/wp-content\/uploads\/2022\/10\/LOGO-1024x1015.png 1024w, https:\/\/deportesmil.com\/wp-content\/uploads\/2022\/10\/LOGO-150x150.png 150w, https:\/\/deportesmil.com\/wp-content\/uploads\/2022\/10\/LOGO-768x761.png 768w, https:\/\/deportesmil.com\/wp-content\/uploads\/2022\/10\/LOGO-1536x1522.png 1536w, https:\/\/deportesmil.com\/wp-content\/uploads\/2022\/10\/LOGO-2048x2030.png 2048w, https:\/\/deportesmil.com\/wp-content\/uploads\/2022\/10\/LOGO-333x330.png 333w, https:\/\/deportesmil.com\/wp-content\/uploads\/2022\/10\/LOGO-182x180.png 182w, https:\/\/deportesmil.com\/wp-content\/uploads\/2022\/10\/LOGO-600x595.png 600w, https:\/\/deportesmil.com\/wp-content\/uploads\/2022\/10\/LOGO-100x100.png 100w\" sizes=\"(max-width: 300px) 100vw, 300px\" \/>\t\t\t\t\t\t\t\t\t\t\t\t\t\t\t<\/div>\n\t\t\t\t<\/div>\n\t\t\t\t<div class=\"elementor-element elementor-element-2da6f45 elementor-widget elementor-widget-text-editor\" data-id=\"2da6f45\" data-element_type=\"widget\" data-e-type=\"widget\" data-widget_type=\"text-editor.default\">\n\t\t\t\t<div class=\"elementor-widget-container\">\n\t\t\t\t\t\t\t\t\t<p>Hemos incluido esta secci\u00f3n, la cual tiene como objetivo exclusivamente para miembros de <strong>A.P.E.F.A.S.<\/strong>, fomentar encuentros de camarader\u00eda y discusi\u00f3n de temas de inter\u00e9s, sin importar los l\u00edmites territoriales.<\/p><p>Para poder Acceder deben crearse una cuenta en nuestra p\u00e1gina web y acceder a la secci\u00f3n A.P.E.F.A.S. en nuestro men\u00fa de navegaci\u00f3n<\/p>\t\t\t\t\t\t\t\t<\/div>\n\t\t\t\t<\/div>\n\t\t\t\t<div class=\"elementor-element elementor-element-53b288a elementor-align-center elementor-widget elementor-widget-button\" data-id=\"53b288a\" data-element_type=\"widget\" data-e-type=\"widget\" data-widget_type=\"button.default\">\n\t\t\t\t<div class=\"elementor-widget-container\">\n\t\t\t\t\t\t\t\t\t<div class=\"elementor-button-wrapper\">\n\t\t\t\t\t<a class=\"elementor-button elementor-button-link elementor-size-xl\" href=\"https:\/\/deportesmil.com\/?page_id=2199\">\n\t\t\t\t\t\t<span class=\"elementor-button-content-wrapper\">\n\t\t\t\t\t\t<span class=\"elementor-button-icon\">\n\t\t\t\t<i aria-hidden=\"true\" class=\"fas fa-user-alt\"><\/i>\t\t\t<\/span>\n\t\t\t\t\t\t\t\t\t<span class=\"elementor-button-text\">Crear una Cuenta<\/span>\n\t\t\t\t\t<\/span>\n\t\t\t\t\t<\/a>\n\t\t\t\t<\/div>\n\t\t\t\t\t\t\t\t<\/div>\n\t\t\t\t<\/div>\n\t\t\t\t<div class=\"elementor-element elementor-element-047871b elementor-align-center elementor-hidden-desktop elementor-hidden-tablet elementor-hidden-mobile elementor-widget elementor-widget-button\" data-id=\"047871b\" data-element_type=\"widget\" data-e-type=\"widget\" data-widget_type=\"button.default\">\n\t\t\t\t<div class=\"elementor-widget-container\">\n\t\t\t\t\t\t\t\t\t<div class=\"elementor-button-wrapper\">\n\t\t\t\t\t<a class=\"elementor-button elementor-button-link elementor-size-xl\" href=\"#\">\n\t\t\t\t\t\t<span class=\"elementor-button-content-wrapper\">\n\t\t\t\t\t\t<span class=\"elementor-button-icon\">\n\t\t\t\t<i aria-hidden=\"true\" class=\"fab fa-rocketchat\"><\/i>\t\t\t<\/span>\n\t\t\t\t\t\t\t\t\t<span class=\"elementor-button-text\">ACCEDER A FOROS DE DISCUSI\u00d3N <\/span>\n\t\t\t\t\t<\/span>\n\t\t\t\t\t<\/a>\n\t\t\t\t<\/div>\n\t\t\t\t\t\t\t\t<\/div>\n\t\t\t\t<\/div>\n\t\t\t\t<div class=\"elementor-element elementor-element-033ba5c elementor-widget elementor-widget-shortcode\" data-id=\"033ba5c\" data-element_type=\"widget\" data-e-type=\"widget\" data-widget_type=\"shortcode.default\">\n\t\t\t\t<div class=\"elementor-widget-container\">\n\t\t\t\t\t\t\t<div class=\"elementor-shortcode\"><div id=\"simple-ajax-chat\">\t\t\n\t\t<div id=\"sac-output\" class=\"sac-reg-req\">\n\t\t\t<p>\n\t\t\t\tDebes ser un usuario registrado para participar en esta conversaci\u00f3n.\t\t\t<\/p>\n\t\t\t<!--p>Please <a href=\"\">Log in<\/a> to chat.<\/p-->\n\t\t<\/div>\n\t\t\n\t\t<\/div><style type=\"text\/css\">div#simple-ajax-chat{width:100%;overflow:hidden;margin:0 0 20px 0;}\r\ndiv#sac-content{display:none;}\r\ndiv#sac-output{float:left;width:58%;height:350px;overflow:auto;border:1px solid #d1d1d1;}\r\ndiv#sac-output.sac-reg-req{float:none;width:100%;height:auto;border:0;}\r\ndiv#sac-latest-message{padding:5px 10px;font-size:14px;background-color:#d1d1d1;text-shadow:1px 1px 1px rgba(255,255,255,0.5);}\r\nul#sac-messages{margin:10px 0;padding:0;font-size:14px;line-height:20px;}\r\nul#sac-messages li{margin:0;padding:4px 10px;}\r\nul#sac-messages li span{font-weight:bold;}\r\ndiv#sac-panel{float:right;width:38%;}\r\nform#sac-form fieldset{margin:0 0 5px 0;padding:0;border:0;}\r\nform#sac-form fieldset label,form#sac-form fieldset input,form#sac-form fieldset textarea{float:left;clear:both;width:94%;margin:0 0 2px 0;font-size:14px;}\r\nform#sac-form fieldset textarea{height:133px;}\r\n.tooltip{border:0;text-shadow:none;}<\/style><\/div>\n\t\t\t\t\t\t<\/div>\n\t\t\t\t<\/div>\n\t\t\t\t\t<\/div>\n\t\t<\/div>\n\t\t\t\t\t<\/div>\n\t\t<\/section>\n\t\t\t\t\t<\/div>\n\t\t<\/div>\n\t\t\t\t\t<\/div>\n\t\t<\/section>\n\t\t\t\t<section class=\"elementor-section elementor-top-section elementor-element elementor-element-7a4f4f9 elementor-section-boxed elementor-section-height-default elementor-section-height-default wpr-particle-no wpr-jarallax-no wpr-parallax-no wpr-sticky-section-no wpr-equal-height-no\" data-id=\"7a4f4f9\" data-element_type=\"section\" data-e-type=\"section\" data-settings=\"{&quot;_ha_eqh_enable&quot;:false}\">\n\t\t\t\t\t\t<div class=\"elementor-container elementor-column-gap-default\">\n\t\t\t\t\t\t<\/div>\n\t\t<\/section>\n\t\t\t\t<section class=\"elementor-section elementor-top-section elementor-element elementor-element-8149844 elementor-section-boxed elementor-section-height-default elementor-section-height-default wpr-particle-no wpr-jarallax-no wpr-parallax-no wpr-sticky-section-no wpr-equal-height-no\" data-id=\"8149844\" data-element_type=\"section\" data-e-type=\"section\" data-settings=\"{&quot;_ha_eqh_enable&quot;:false}\">\n\t\t\t\t\t\t<div class=\"elementor-container elementor-column-gap-default\">\n\t\t\t\t\t<div class=\"elementor-column elementor-col-100 elementor-top-column elementor-element elementor-element-e8da4b6\" data-id=\"e8da4b6\" data-element_type=\"column\" data-e-type=\"column\">\n\t\t\t<div class=\"elementor-widget-wrap elementor-element-populated\">\n\t\t\t\t\t\t<div class=\"elementor-element elementor-element-815ead9 elementor-widget elementor-widget-spacer\" data-id=\"815ead9\" data-element_type=\"widget\" data-e-type=\"widget\" data-widget_type=\"spacer.default\">\n\t\t\t\t<div class=\"elementor-widget-container\">\n\t\t\t\t\t\t\t<div class=\"elementor-spacer\">\n\t\t\t<div class=\"elementor-spacer-inner\"><\/div>\n\t\t<\/div>\n\t\t\t\t\t\t<\/div>\n\t\t\t\t<\/div>\n\t\t\t\t\t<\/div>\n\t\t<\/div>\n\t\t\t\t\t<\/div>\n\t\t<\/section>\n\t\t\t\t<\/div>\n\t\t","protected":false},"excerpt":{"rendered":"<p>A.P.E.F.A.S ASOCIACI\u00d3N DEL PERSONAL EXTRANJERO DE LAS FUERZAS ARMADAS Y DE SEGURIDAD ACREDITADOS ANTE LA REP\u00daBLICA ARGENTINA Creaci\u00f3n: En la ciudad de Buenos Aires &#8211; Argentina, con fecha 06 de octubre del a\u00f1o 1984, se crea una entidad de car\u00e1cter social, sin fines de lucro, en la cual participan voluntariamente todos los Suboficiales que se desempe\u00f1an en las diferentes Agregadur\u00edas Extranjeras de Defensa, Militares, Navales, A\u00e9reas y Policiales, acreditados ante la Rep\u00fablica Argentina, cuya denominaci\u00f3n es: Asociaci\u00f3n del Personal Extranjero de las Fuerzas Armadas y de Seguridad &#8220;A.P.E.F.A.S.&#8221;. Objetivo: El objetivo fundamental de la Asociaci\u00f3n ser\u00e1: &#8220;Promover el fortalecimiento de los lazos de integraci\u00f3n, amistad, camarader\u00eda y conocimiento mutuo entre sus socios&#8221;, a trav\u00e9s de actividades de car\u00e1cter social, cultural y recreativo. Asimismo, fomentar\u00e1 las relaciones con los Suboficiales de las Fuerzas Armadas Argentinas. Existen las siguientes categor\u00edas de socios: \u2022 Activos: Los Suboficiales que se desempe\u00f1en en las diferentes Agregadur\u00edas Extranjeras de Defensa, Militares, Navales, A\u00e9reas y Policiales, acreditados ante la Rep\u00fablica Argentina.\u2022 Invitados Especiales: Los Suboficiales que se desempe\u00f1an en los Estados Mayores de las Fuerzas Armadas, Gendarmer\u00eda, Prefectura Naval y Servicio Penitenciario Federal Argentino, Suboficiales en situaci\u00f3n de retiro y ex socios.\u2022 Honorarios: Aquellas personas que contribuyan y sean un aporte real al fortalecimiento de la Asociaci\u00f3n, incorporados a \u00e9sta de com\u00fan acuerdo de todos los socios. OBS: Todos los procedimientos, se obra de conformidad al Estatuto vigentes de la Asociaci\u00f3n. SOP Trnp FRANCISCO OCAMPOS GOMEZAux Agregado de Defensa de ParaguayPRESIDENTE \u00a0APEFAS Hemos incluido esta secci\u00f3n, la cual tiene como objetivo exclusivamente para miembros de A.P.E.F.A.S., fomentar encuentros de camarader\u00eda y discusi\u00f3n de temas de inter\u00e9s, sin importar los l\u00edmites territoriales. Para poder Acceder deben crearse una cuenta en nuestra p\u00e1gina web y acceder a la secci\u00f3n A.P.E.F.A.S. en nuestro men\u00fa de navegaci\u00f3n Crear una Cuenta ACCEDER A FOROS DE DISCUSI\u00d3N<\/p>\n","protected":false},"author":1,"featured_media":0,"parent":0,"menu_order":0,"comment_status":"open","ping_status":"closed","template":"elementor_header_footer","meta":{"site-sidebar-layout":"no-sidebar","site-content-layout":"page-builder","ast-site-content-layout":"default","site-content-style":"default","site-sidebar-style":"default","ast-global-header-display":"","ast-banner-title-visibility":"","ast-main-header-display":"","ast-hfb-above-header-display":"","ast-hfb-below-header-display":"","ast-hfb-mobile-header-display":"","site-post-title":"disabled","ast-breadcrumbs-content":"","ast-featured-img":"disabled","footer-sml-layout":"","ast-disable-related-posts":"","theme-transparent-header-meta":"default","adv-header-id-meta":"","stick-header-meta":"","header-above-stick-meta":"","header-main-stick-meta":"","header-below-stick-meta":"","astra-migrate-meta-layouts":"default","ast-page-background-enabled":"default","ast-page-background-meta":{"desktop":{"background-color":"","background-image":"","background-repeat":"repeat","background-position":"center center","background-size":"auto","background-attachment":"scroll","background-type":"","background-media":"","overlay-type":"","overlay-color":"","overlay-opacity":"","overlay-gradient":""},"tablet":{"background-color":"","background-image":"","background-repeat":"repeat","background-position":"center center","background-size":"auto","background-attachment":"scroll","background-type":"","background-media":"","overlay-type":"","overlay-color":"","overlay-opacity":"","overlay-gradient":""},"mobile":{"background-color":"","background-image":"","background-repeat":"repeat","background-position":"center center","background-size":"auto","background-attachment":"scroll","background-type":"","background-media":"","overlay-type":"","overlay-color":"","overlay-opacity":"","overlay-gradient":""}},"ast-content-background-meta":{"desktop":{"background-color":"var(--ast-global-color-5)","background-image":"","background-repeat":"repeat","background-position":"center center","background-size":"auto","background-attachment":"scroll","background-type":"","background-media":"","overlay-type":"","overlay-color":"","overlay-opacity":"","overlay-gradient":""},"tablet":{"background-color":"var(--ast-global-color-5)","background-image":"","background-repeat":"repeat","background-position":"center center","background-size":"auto","background-attachment":"scroll","background-type":"","background-media":"","overlay-type":"","overlay-color":"","overlay-opacity":"","overlay-gradient":""},"mobile":{"background-color":"var(--ast-global-color-5)","background-image":"","background-repeat":"repeat","background-position":"center center","background-size":"auto","background-attachment":"scroll","background-type":"","background-media":"","overlay-type":"","overlay-color":"","overlay-opacity":"","overlay-gradient":""}},"pgc_sgb_lightbox_settings":"","footnotes":""},"class_list":["post-5857","page","type-page","status-publish","hentry"],"_links":{"self":[{"href":"https:\/\/deportesmil.com\/index.php?rest_route=\/wp\/v2\/pages\/5857","targetHints":{"allow":["GET"]}}],"collection":[{"href":"https:\/\/deportesmil.com\/index.php?rest_route=\/wp\/v2\/pages"}],"about":[{"href":"https:\/\/deportesmil.com\/index.php?rest_route=\/wp\/v2\/types\/page"}],"author":[{"embeddable":true,"href":"https:\/\/deportesmil.com\/index.php?rest_route=\/wp\/v2\/users\/1"}],"replies":[{"embeddable":true,"href":"https:\/\/deportesmil.com\/index.php?rest_route=%2Fwp%2Fv2%2Fcomments&post=5857"}],"version-history":[{"count":44,"href":"https:\/\/deportesmil.com\/index.php?rest_route=\/wp\/v2\/pages\/5857\/revisions"}],"predecessor-version":[{"id":6246,"href":"https:\/\/deportesmil.com\/index.php?rest_route=\/wp\/v2\/pages\/5857\/revisions\/6246"}],"wp:attachment":[{"href":"https:\/\/deportesmil.com\/index.php?rest_route=%2Fwp%2Fv2%2Fmedia&parent=5857"}],"curies":[{"name":"wp","href":"https:\/\/api.w.org\/{rel}","templated":true}]}}