{"id":5033,"date":"2021-10-05T17:06:36","date_gmt":"2021-10-05T20:06:36","guid":{"rendered":"https:\/\/deportesmil.com\/?page_id=5033"},"modified":"2022-11-06T17:18:29","modified_gmt":"2022-11-06T20:18:29","slug":"acerca-de-nosotros","status":"publish","type":"page","link":"https:\/\/deportesmil.com\/?page_id=5033","title":{"rendered":"Acerca de Nosotros"},"content":{"rendered":"\t\t<div data-elementor-type=\"wp-page\" data-elementor-id=\"5033\" class=\"elementor elementor-5033\" data-elementor-settings=\"{&quot;ha_cmc_init_switcher&quot;:&quot;no&quot;}\">\n\t\t\t\t\t\t<section class=\"elementor-section elementor-top-section elementor-element elementor-element-5a07565 elementor-section-full_width elementor-section-height-default elementor-section-height-default wpr-particle-no wpr-jarallax-no wpr-parallax-no wpr-sticky-section-no wpr-equal-height-no\" data-id=\"5a07565\" data-element_type=\"section\" data-e-type=\"section\" data-settings=\"{&quot;_ha_eqh_enable&quot;:false}\">\n\t\t\t\t\t\t<div class=\"elementor-container elementor-column-gap-default\">\n\t\t\t\t\t<div class=\"elementor-column elementor-col-100 elementor-top-column elementor-element elementor-element-706812d fondo-banner-home\" data-id=\"706812d\" data-element_type=\"column\" data-e-type=\"column\">\n\t\t\t<div class=\"elementor-widget-wrap elementor-element-populated\">\n\t\t\t\t\t\t<section class=\"elementor-section elementor-inner-section elementor-element elementor-element-3885dc2 elementor-section-boxed elementor-section-height-default elementor-section-height-default wpr-particle-no wpr-jarallax-no wpr-parallax-no wpr-sticky-section-no wpr-equal-height-no\" data-id=\"3885dc2\" data-element_type=\"section\" data-e-type=\"section\" data-settings=\"{&quot;_ha_eqh_enable&quot;:false}\">\n\t\t\t\t\t\t<div class=\"elementor-container elementor-column-gap-default\">\n\t\t\t\t\t<div class=\"elementor-column elementor-col-100 elementor-inner-column elementor-element elementor-element-ffa6e96\" data-id=\"ffa6e96\" data-element_type=\"column\" data-e-type=\"column\">\n\t\t\t<div class=\"elementor-widget-wrap elementor-element-populated\">\n\t\t\t\t\t\t<div class=\"elementor-element elementor-element-2f4058c animated-slow elementor-invisible elementor-widget elementor-widget-image\" data-id=\"2f4058c\" data-element_type=\"widget\" data-e-type=\"widget\" data-settings=\"{&quot;_animation&quot;:&quot;zoomInDown&quot;,&quot;_animation_delay&quot;:850}\" data-widget_type=\"image.default\">\n\t\t\t\t<div class=\"elementor-widget-container\">\n\t\t\t\t\t\t\t\t\t\t\t\t\t\t\t<img fetchpriority=\"high\" decoding=\"async\" width=\"1024\" height=\"292\" src=\"https:\/\/deportesmil.com\/wp-content\/uploads\/2022\/11\/DEPORTESMIL_Logo_Vectorial_horizontal_letras_beige-1024x292.png\" class=\"attachment-large size-large wp-image-6297\" alt=\"\" srcset=\"https:\/\/deportesmil.com\/wp-content\/uploads\/2022\/11\/DEPORTESMIL_Logo_Vectorial_horizontal_letras_beige-1024x292.png 1024w, https:\/\/deportesmil.com\/wp-content\/uploads\/2022\/11\/DEPORTESMIL_Logo_Vectorial_horizontal_letras_beige-300x86.png 300w, https:\/\/deportesmil.com\/wp-content\/uploads\/2022\/11\/DEPORTESMIL_Logo_Vectorial_horizontal_letras_beige-768x219.png 768w, https:\/\/deportesmil.com\/wp-content\/uploads\/2022\/11\/DEPORTESMIL_Logo_Vectorial_horizontal_letras_beige-1536x439.png 1536w, https:\/\/deportesmil.com\/wp-content\/uploads\/2022\/11\/DEPORTESMIL_Logo_Vectorial_horizontal_letras_beige-2048x585.png 2048w, https:\/\/deportesmil.com\/wp-content\/uploads\/2022\/11\/DEPORTESMIL_Logo_Vectorial_horizontal_letras_beige-570x163.png 570w, https:\/\/deportesmil.com\/wp-content\/uploads\/2022\/11\/DEPORTESMIL_Logo_Vectorial_horizontal_letras_beige-270x77.png 270w, https:\/\/deportesmil.com\/wp-content\/uploads\/2022\/11\/DEPORTESMIL_Logo_Vectorial_horizontal_letras_beige-600x171.png 600w\" sizes=\"(max-width: 1024px) 100vw, 1024px\" \/>\t\t\t\t\t\t\t\t\t\t\t\t\t\t\t<\/div>\n\t\t\t\t<\/div>\n\t\t\t\t\t<\/div>\n\t\t<\/div>\n\t\t\t\t\t<\/div>\n\t\t<\/section>\n\t\t\t\t\t<\/div>\n\t\t<\/div>\n\t\t\t\t\t<\/div>\n\t\t<\/section>\n\t\t\t\t<section class=\"elementor-section elementor-top-section elementor-element elementor-element-ea7decd elementor-section-boxed elementor-section-height-default elementor-section-height-default wpr-particle-no wpr-jarallax-no wpr-parallax-no wpr-sticky-section-no wpr-equal-height-no\" data-id=\"ea7decd\" data-element_type=\"section\" data-e-type=\"section\" data-settings=\"{&quot;_ha_eqh_enable&quot;:false}\">\n\t\t\t\t\t\t<div class=\"elementor-container elementor-column-gap-default\">\n\t\t\t\t\t<div class=\"elementor-column elementor-col-100 elementor-top-column elementor-element elementor-element-c80005b\" data-id=\"c80005b\" data-element_type=\"column\" data-e-type=\"column\">\n\t\t\t<div class=\"elementor-widget-wrap elementor-element-populated\">\n\t\t\t\t\t\t<div class=\"elementor-element elementor-element-db989df elementor-widget elementor-widget-spacer\" data-id=\"db989df\" data-element_type=\"widget\" data-e-type=\"widget\" data-widget_type=\"spacer.default\">\n\t\t\t\t<div class=\"elementor-widget-container\">\n\t\t\t\t\t\t\t<div class=\"elementor-spacer\">\n\t\t\t<div class=\"elementor-spacer-inner\"><\/div>\n\t\t<\/div>\n\t\t\t\t\t\t<\/div>\n\t\t\t\t<\/div>\n\t\t\t\t\t<\/div>\n\t\t<\/div>\n\t\t\t\t\t<\/div>\n\t\t<\/section>\n\t\t\t\t<section class=\"elementor-section elementor-top-section elementor-element elementor-element-b46f5d6 elementor-section-boxed elementor-section-height-default elementor-section-height-default wpr-particle-no wpr-jarallax-no wpr-parallax-no wpr-sticky-section-no wpr-equal-height-no\" data-id=\"b46f5d6\" data-element_type=\"section\" data-e-type=\"section\" data-settings=\"{&quot;_ha_eqh_enable&quot;:false}\">\n\t\t\t\t\t\t<div class=\"elementor-container elementor-column-gap-default\">\n\t\t\t\t\t<div class=\"elementor-column elementor-col-50 elementor-top-column elementor-element elementor-element-7a89f29 contenedor-glassdos\" data-id=\"7a89f29\" data-element_type=\"column\" data-e-type=\"column\">\n\t\t\t<div class=\"elementor-widget-wrap elementor-element-populated\">\n\t\t\t\t\t<div class=\"elementor-background-overlay\"><\/div>\n\t\t\t\t\t\t<div class=\"elementor-element elementor-element-6ade28f elementor-widget elementor-widget-video\" data-id=\"6ade28f\" data-element_type=\"widget\" data-e-type=\"widget\" data-settings=\"{&quot;youtube_url&quot;:&quot;https:\\\/\\\/www.youtube.com\\\/watch?v=YSv6CSyHGlo&quot;,&quot;mute&quot;:&quot;yes&quot;,&quot;loop&quot;:&quot;yes&quot;,&quot;yt_privacy&quot;:&quot;yes&quot;,&quot;show_image_overlay&quot;:&quot;yes&quot;,&quot;image_overlay&quot;:{&quot;url&quot;:&quot;https:\\\/\\\/deportesmil.com\\\/wp-content\\\/uploads\\\/2021\\\/06\\\/primer-bloque-de-la-web-e1623689171238.png&quot;,&quot;id&quot;:1372,&quot;size&quot;:&quot;&quot;,&quot;alt&quot;:&quot;&quot;,&quot;source&quot;:&quot;library&quot;},&quot;lightbox&quot;:&quot;yes&quot;,&quot;lightbox_content_animation&quot;:&quot;bounce&quot;,&quot;video_type&quot;:&quot;youtube&quot;,&quot;controls&quot;:&quot;yes&quot;}\" data-widget_type=\"video.default\">\n\t\t\t\t<div class=\"elementor-widget-container\">\n\t\t\t\t\t\t\t<div class=\"elementor-wrapper elementor-open-lightbox\">\n\t\t\t\t\t\t\t<div class=\"elementor-custom-embed-image-overlay\" data-elementor-open-lightbox=\"yes\" data-elementor-lightbox=\"{&quot;type&quot;:&quot;video&quot;,&quot;videoType&quot;:&quot;youtube&quot;,&quot;url&quot;:&quot;https:\\\/\\\/www.youtube-nocookie.com\\\/embed\\\/YSv6CSyHGlo?feature=oembed&amp;playlist=YSv6CSyHGlo&amp;start&amp;end&amp;wmode=opaque&amp;loop=1&amp;controls=1&amp;mute=1&amp;rel=0&amp;cc_load_policy=0&quot;,&quot;autoplay&quot;:&quot;&quot;,&quot;modalOptions&quot;:{&quot;id&quot;:&quot;elementor-lightbox-6ade28f&quot;,&quot;entranceAnimation&quot;:&quot;bounce&quot;,&quot;entranceAnimation_tablet&quot;:&quot;&quot;,&quot;entranceAnimation_mobile&quot;:&quot;&quot;,&quot;videoAspectRatio&quot;:&quot;169&quot;}}\" data-e-action-hash=\"#elementor-action%3Aaction%3Dlightbox%26settings%3DeyJ0eXBlIjoidmlkZW8iLCJ2aWRlb1R5cGUiOiJ5b3V0dWJlIiwidXJsIjoiaHR0cHM6XC9cL3d3dy55b3V0dWJlLW5vY29va2llLmNvbVwvZW1iZWRcL1lTdjZDU3lIR2xvP2ZlYXR1cmU9b2VtYmVkJnBsYXlsaXN0PVlTdjZDU3lIR2xvJnN0YXJ0JmVuZCZ3bW9kZT1vcGFxdWUmbG9vcD0xJmNvbnRyb2xzPTEmbXV0ZT0xJnJlbD0wJmNjX2xvYWRfcG9saWN5PTAiLCJhdXRvcGxheSI6IiIsIm1vZGFsT3B0aW9ucyI6eyJpZCI6ImVsZW1lbnRvci1saWdodGJveC02YWRlMjhmIiwiZW50cmFuY2VBbmltYXRpb24iOiJib3VuY2UiLCJlbnRyYW5jZUFuaW1hdGlvbl90YWJsZXQiOiIiLCJlbnRyYW5jZUFuaW1hdGlvbl9tb2JpbGUiOiIiLCJ2aWRlb0FzcGVjdFJhdGlvIjoiMTY5In19\">\n\t\t\t\t\t\t\t\t\t\t\t<img decoding=\"async\" width=\"1920\" height=\"974\" src=\"https:\/\/deportesmil.com\/wp-content\/uploads\/2021\/06\/primer-bloque-de-la-web-e1623689171238.png\" class=\"attachment-full size-full wp-image-1372\" alt=\"\" srcset=\"https:\/\/deportesmil.com\/wp-content\/uploads\/2021\/06\/primer-bloque-de-la-web-e1623689171238.png 1920w, https:\/\/deportesmil.com\/wp-content\/uploads\/2021\/06\/primer-bloque-de-la-web-e1623689171238-600x304.png 600w, https:\/\/deportesmil.com\/wp-content\/uploads\/2021\/06\/primer-bloque-de-la-web-e1623689171238-300x152.png 300w, https:\/\/deportesmil.com\/wp-content\/uploads\/2021\/06\/primer-bloque-de-la-web-e1623689171238-1024x519.png 1024w, https:\/\/deportesmil.com\/wp-content\/uploads\/2021\/06\/primer-bloque-de-la-web-e1623689171238-768x390.png 768w, https:\/\/deportesmil.com\/wp-content\/uploads\/2021\/06\/primer-bloque-de-la-web-e1623689171238-1536x779.png 1536w\" sizes=\"(max-width: 1920px) 100vw, 1920px\" \/>\t\t\t\t\t\t\t\t\t\t\t\t\t\t\t\t<div class=\"elementor-custom-embed-play\" role=\"button\" aria-label=\"Reproducir v\u00eddeo\" tabindex=\"0\">\n\t\t\t\t\t\t\t<i aria-hidden=\"true\" class=\"eicon-play\"><\/i>\t\t\t\t\t\t<\/div>\n\t\t\t\t\t\t\t\t\t<\/div>\n\t\t\t\t\t<\/div>\n\t\t\t\t\t\t<\/div>\n\t\t\t\t<\/div>\n\t\t\t\t<div class=\"elementor-element elementor-element-a6dda62 elementor-widget elementor-widget-heading\" data-id=\"a6dda62\" data-element_type=\"widget\" data-e-type=\"widget\" data-widget_type=\"heading.default\">\n\t\t\t\t<div class=\"elementor-widget-container\">\n\t\t\t\t\t<h2 class=\"elementor-heading-title elementor-size-default\"><b>\n1 <sup>er<\/sup> Marat\u00f3n - Sport Fuerzas <br> A\u00f1o 2008.\n<\/b><\/h2>\t\t\t\t<\/div>\n\t\t\t\t<\/div>\n\t\t\t\t\t<\/div>\n\t\t<\/div>\n\t\t\t\t<div class=\"elementor-column elementor-col-50 elementor-top-column elementor-element elementor-element-ff21406\" data-id=\"ff21406\" data-element_type=\"column\" data-e-type=\"column\">\n\t\t\t<div class=\"elementor-widget-wrap elementor-element-populated\">\n\t\t\t\t\t\t<section class=\"elementor-section elementor-inner-section elementor-element elementor-element-c2e5c06 elementor-section-full_width contenedor-glassdos elementor-section-height-default elementor-section-height-default wpr-particle-no wpr-jarallax-no wpr-parallax-no wpr-sticky-section-no wpr-equal-height-no\" data-id=\"c2e5c06\" data-element_type=\"section\" data-e-type=\"section\" data-settings=\"{&quot;_ha_eqh_enable&quot;:false}\">\n\t\t\t\t\t\t<div class=\"elementor-container elementor-column-gap-default\">\n\t\t\t\t\t<div class=\"elementor-column elementor-col-100 elementor-inner-column elementor-element elementor-element-7075613\" data-id=\"7075613\" data-element_type=\"column\" data-e-type=\"column\">\n\t\t\t<div class=\"elementor-widget-wrap elementor-element-populated\">\n\t\t\t\t\t\t<div class=\"elementor-element elementor-element-92addbc elementor-widget elementor-widget-heading\" data-id=\"92addbc\" data-element_type=\"widget\" data-e-type=\"widget\" data-widget_type=\"heading.default\">\n\t\t\t\t<div class=\"elementor-widget-container\">\n\t\t\t\t\t<h2 class=\"elementor-heading-title elementor-size-medium\">CONOZCA QUIENES SOMOS...<\/h2>\t\t\t\t<\/div>\n\t\t\t\t<\/div>\n\t\t\t\t<div class=\"elementor-element elementor-element-b99d233 elementor-widget elementor-widget-text-editor\" data-id=\"b99d233\" data-element_type=\"widget\" data-e-type=\"widget\" data-widget_type=\"text-editor.default\">\n\t\t\t\t<div class=\"elementor-widget-container\">\n\t\t\t\t\t\t\t\t\t<p><span style=\"color: #003300;\"><strong>Deportes.Mil<\/strong>, es una revista que da continuidad a un proyecto en formato f\u00edsico (<strong>SPORT FUERZAS, revista impresa<\/strong>); y hoy por hoy hacemos nuestro relanzamiento en medio del furor de los medios de comunicaci\u00f3n digitales; con el mismo entusiasmo, calidad y servicio que en a\u00f1os anteriores nos ha caracterizado; ahora acompa\u00f1ados de una nueva imagen continuamos apoyando y difundiendo las actividades deportivas de todos los componentes de las fuerzas armadas.<\/span><\/p>\t\t\t\t\t\t\t\t<\/div>\n\t\t\t\t<\/div>\n\t\t\t\t\t<\/div>\n\t\t<\/div>\n\t\t\t\t\t<\/div>\n\t\t<\/section>\n\t\t\t\t\t<\/div>\n\t\t<\/div>\n\t\t\t\t\t<\/div>\n\t\t<\/section>\n\t\t\t\t<section class=\"elementor-section elementor-top-section elementor-element elementor-element-f63aee9 elementor-section-boxed elementor-section-height-default elementor-section-height-default wpr-particle-no wpr-jarallax-no wpr-parallax-no wpr-sticky-section-no wpr-equal-height-no\" data-id=\"f63aee9\" data-element_type=\"section\" data-e-type=\"section\" data-settings=\"{&quot;_ha_eqh_enable&quot;:false}\">\n\t\t\t\t\t\t<div class=\"elementor-container elementor-column-gap-default\">\n\t\t\t\t\t<div class=\"elementor-column elementor-col-100 elementor-top-column elementor-element elementor-element-bd28596\" data-id=\"bd28596\" data-element_type=\"column\" data-e-type=\"column\">\n\t\t\t<div class=\"elementor-widget-wrap elementor-element-populated\">\n\t\t\t\t\t\t<div class=\"elementor-element elementor-element-77e338c elementor-widget elementor-widget-spacer\" data-id=\"77e338c\" data-element_type=\"widget\" data-e-type=\"widget\" data-widget_type=\"spacer.default\">\n\t\t\t\t<div class=\"elementor-widget-container\">\n\t\t\t\t\t\t\t<div class=\"elementor-spacer\">\n\t\t\t<div class=\"elementor-spacer-inner\"><\/div>\n\t\t<\/div>\n\t\t\t\t\t\t<\/div>\n\t\t\t\t<\/div>\n\t\t\t\t\t<\/div>\n\t\t<\/div>\n\t\t\t\t\t<\/div>\n\t\t<\/section>\n\t\t\t\t<section class=\"elementor-section elementor-top-section elementor-element elementor-element-b86287b elementor-section-full_width contenedor-glass elementor-section-height-default elementor-section-height-default wpr-particle-no wpr-jarallax-no wpr-parallax-no wpr-sticky-section-no wpr-equal-height-no\" data-id=\"b86287b\" data-element_type=\"section\" data-e-type=\"section\" data-settings=\"{&quot;_ha_eqh_enable&quot;:false}\">\n\t\t\t\t\t\t<div class=\"elementor-container elementor-column-gap-default\">\n\t\t\t\t\t<div class=\"elementor-column elementor-col-100 elementor-top-column elementor-element elementor-element-daa1ab9\" data-id=\"daa1ab9\" data-element_type=\"column\" data-e-type=\"column\">\n\t\t\t<div class=\"elementor-widget-wrap elementor-element-populated\">\n\t\t\t\t\t\t<section class=\"elementor-section elementor-inner-section elementor-element elementor-element-a6b5a98 elementor-section-boxed elementor-section-height-default elementor-section-height-default wpr-particle-no wpr-jarallax-no wpr-parallax-no wpr-sticky-section-no wpr-equal-height-no\" data-id=\"a6b5a98\" data-element_type=\"section\" data-e-type=\"section\" data-settings=\"{&quot;_ha_eqh_enable&quot;:false}\">\n\t\t\t\t\t\t<div class=\"elementor-container elementor-column-gap-narrow\">\n\t\t\t\t\t<div class=\"elementor-column elementor-col-33 elementor-inner-column elementor-element elementor-element-a8a28da\" data-id=\"a8a28da\" data-element_type=\"column\" data-e-type=\"column\">\n\t\t\t<div class=\"elementor-widget-wrap elementor-element-populated\">\n\t\t\t\t\t\t<div class=\"elementor-element elementor-element-b0d6504 subtitulo-home-mision elementor-widget elementor-widget-heading\" data-id=\"b0d6504\" data-element_type=\"widget\" data-e-type=\"widget\" data-widget_type=\"heading.default\">\n\t\t\t\t<div class=\"elementor-widget-container\">\n\t\t\t\t\t<span class=\"elementor-heading-title elementor-size-default\">NUESTRA MISI\u00d3N<\/span>\t\t\t\t<\/div>\n\t\t\t\t<\/div>\n\t\t\t\t<div class=\"elementor-element elementor-element-d28c825 titular-home-mision elementor-widget elementor-widget-text-editor\" data-id=\"d28c825\" data-element_type=\"widget\" data-e-type=\"widget\" data-widget_type=\"text-editor.default\">\n\t\t\t\t<div class=\"elementor-widget-container\">\n\t\t\t\t\t\t\t\t\t<h1>Expres\u00e1<br \/>Tu<br \/>Pasi\u00f3n<\/h1>\t\t\t\t\t\t\t\t<\/div>\n\t\t\t\t<\/div>\n\t\t\t\t<div class=\"elementor-element elementor-element-d104e7e elementor-widget elementor-widget-html\" data-id=\"d104e7e\" data-element_type=\"widget\" data-e-type=\"widget\" data-widget_type=\"html.default\">\n\t\t\t\t<div class=\"elementor-widget-container\">\n\t\t\t\t\t<br>\n<hr class=\"separador-juegos-paz\" \/>\t\t\t\t<\/div>\n\t\t\t\t<\/div>\n\t\t\t\t\t<\/div>\n\t\t<\/div>\n\t\t\t\t<div class=\"elementor-column elementor-col-66 elementor-inner-column elementor-element elementor-element-e48077d\" data-id=\"e48077d\" data-element_type=\"column\" data-e-type=\"column\">\n\t\t\t<div class=\"elementor-widget-wrap elementor-element-populated\">\n\t\t\t\t\t\t<div class=\"elementor-element elementor-element-f3798c1 animated-slow elementor-invisible elementor-widget elementor-widget-text-editor\" data-id=\"f3798c1\" data-element_type=\"widget\" data-e-type=\"widget\" data-settings=\"{&quot;_animation&quot;:&quot;fadeInRight&quot;,&quot;_animation_delay&quot;:1500}\" data-widget_type=\"text-editor.default\">\n\t\t\t\t<div class=\"elementor-widget-container\">\n\t\t\t\t\t\t\t\t\t<p align=\"justify\"><strong>Las revistas deportivas son un veh\u00edculo excelente para que expreses tu pasi\u00f3n, muchas cosas ocurren en el mundo del deporte. Y muchas ocurren en el Mundo Militar que no siempre son conocidas o difundidas por diversas razones. Por lo tanto trataremos que no sea tan dif\u00edcil mantenerse al d\u00eda con las noticias de ayer y de hoy. Muchas Promociones han hecho historia, conformados en equipos interesantes y competitivos, logrando ser muy bien considerados tambi\u00e9n en el \u00e1mbito civil.<\/strong><\/p><p align=\"justify\"><span style=\"color: #003300;\">Hoy y desde el a\u00f1o 1995 se realizan los Juegos Mundiales Militares bajo el lema<strong> &#8220;Juegos de la Paz&#8221;<\/strong>. Estos Eventos se llevan a cabo cada cuatro a\u00f1os y convocan atletas militares (aprox. 9.000 participantes) de los pa\u00edses miembros del <em><strong>Consejo Internacional del deporte Militar (CISM)<\/strong><\/em> fundado el a\u00f1o 1948 en la Ciudad de<strong> Niza, Francia<\/strong>.<\/span><br \/><span style=\"color: #003300;\">Si eres adicto a los deportes, quieres estar al d\u00eda con las \u00faltimas noticias de camaradas de las distintas FF.AA, FF.SS y Policiales, y\/o de los campeonatos en curso podr\u00e1s hacerlo a trav\u00e9s de revista digital <a style=\"color: #003300;\" href=\"https:\/\/www.deportelmil.com\">www.deportesmil.com<\/a><\/span><br \/><span style=\"color: #003300;\">Puedes enviarnos fotos y comentarios de equipos deportivos de ayer y de hoy que con gusto lo publicaremos en nuestra Web y redes sociales.<\/span><\/p><p align=\"justify\"><span style=\"color: #003300;\">En nuestra Primera Edici\u00f3n digital encontrar\u00e1s art\u00edculos interesantes y hasta quiz\u00e1 te sorprendas con notas que te har\u00e1n sentir muy cerca (<strong>Malvinas<\/strong>).<\/span><br \/><span style=\"color: #003300;\">Contamos con tu aporte.<\/span><\/p>\t\t\t\t\t\t\t\t<\/div>\n\t\t\t\t<\/div>\n\t\t\t\t<div class=\"elementor-element elementor-element-381d783 elementor-widget elementor-widget-heading\" data-id=\"381d783\" data-element_type=\"widget\" data-e-type=\"widget\" data-widget_type=\"heading.default\">\n\t\t\t\t<div class=\"elementor-widget-container\">\n\t\t\t\t\t<h3 class=\"elementor-heading-title elementor-size-default\">Gracias!<\/h3>\t\t\t\t<\/div>\n\t\t\t\t<\/div>\n\t\t\t\t\t<\/div>\n\t\t<\/div>\n\t\t\t\t\t<\/div>\n\t\t<\/section>\n\t\t\t\t\t<\/div>\n\t\t<\/div>\n\t\t\t\t\t<\/div>\n\t\t<\/section>\n\t\t\t\t<section class=\"elementor-section elementor-top-section elementor-element elementor-element-5ef740e elementor-section-boxed elementor-section-height-default elementor-section-height-default wpr-particle-no wpr-jarallax-no wpr-parallax-no wpr-sticky-section-no wpr-equal-height-no\" data-id=\"5ef740e\" data-element_type=\"section\" data-e-type=\"section\" data-settings=\"{&quot;_ha_eqh_enable&quot;:false}\">\n\t\t\t\t\t\t<div class=\"elementor-container elementor-column-gap-default\">\n\t\t\t\t\t<div class=\"elementor-column elementor-col-100 elementor-top-column elementor-element elementor-element-9e6f2a0\" data-id=\"9e6f2a0\" data-element_type=\"column\" data-e-type=\"column\">\n\t\t\t<div class=\"elementor-widget-wrap elementor-element-populated\">\n\t\t\t\t\t\t<div class=\"elementor-element elementor-element-59184cf elementor-widget elementor-widget-spacer\" data-id=\"59184cf\" data-element_type=\"widget\" data-e-type=\"widget\" data-widget_type=\"spacer.default\">\n\t\t\t\t<div class=\"elementor-widget-container\">\n\t\t\t\t\t\t\t<div class=\"elementor-spacer\">\n\t\t\t<div class=\"elementor-spacer-inner\"><\/div>\n\t\t<\/div>\n\t\t\t\t\t\t<\/div>\n\t\t\t\t<\/div>\n\t\t\t\t\t<\/div>\n\t\t<\/div>\n\t\t\t\t\t<\/div>\n\t\t<\/section>\n\t\t\t\t<\/div>\n\t\t","protected":false},"excerpt":{"rendered":"<p>1 er Marat\u00f3n &#8211; Sport Fuerzas A\u00f1o 2008. CONOZCA QUIENES SOMOS&#8230; Deportes.Mil, es una revista que da continuidad a un proyecto en formato f\u00edsico (SPORT FUERZAS, revista impresa); y hoy por hoy hacemos nuestro relanzamiento en medio del furor de los medios de comunicaci\u00f3n digitales; con el mismo entusiasmo, calidad y servicio que en a\u00f1os anteriores nos ha caracterizado; ahora acompa\u00f1ados de una nueva imagen continuamos apoyando y difundiendo las actividades deportivas de todos los componentes de las fuerzas armadas. NUESTRA MISI\u00d3N Expres\u00e1TuPasi\u00f3n Las revistas deportivas son un veh\u00edculo excelente para que expreses tu pasi\u00f3n, muchas cosas ocurren en el mundo del deporte. Y muchas ocurren en el Mundo Militar que no siempre son conocidas o difundidas por diversas razones. Por lo tanto trataremos que no sea tan dif\u00edcil mantenerse al d\u00eda con las noticias de ayer y de hoy. Muchas Promociones han hecho historia, conformados en equipos interesantes y competitivos, logrando ser muy bien considerados tambi\u00e9n en el \u00e1mbito civil. Hoy y desde el a\u00f1o 1995 se realizan los Juegos Mundiales Militares bajo el lema &#8220;Juegos de la Paz&#8221;. Estos Eventos se llevan a cabo cada cuatro a\u00f1os y convocan atletas militares (aprox. 9.000 participantes) de los pa\u00edses miembros del Consejo Internacional del deporte Militar (CISM) fundado el a\u00f1o 1948 en la Ciudad de Niza, Francia.Si eres adicto a los deportes, quieres estar al d\u00eda con las \u00faltimas noticias de camaradas de las distintas FF.AA, FF.SS y Policiales, y\/o de los campeonatos en curso podr\u00e1s hacerlo a trav\u00e9s de revista digital www.deportesmil.comPuedes enviarnos fotos y comentarios de equipos deportivos de ayer y de hoy que con gusto lo publicaremos en nuestra Web y redes sociales. En nuestra Primera Edici\u00f3n digital encontrar\u00e1s art\u00edculos interesantes y hasta quiz\u00e1 te sorprendas con notas que te har\u00e1n sentir muy cerca (Malvinas).Contamos con tu aporte. Gracias!<\/p>\n","protected":false},"author":1,"featured_media":0,"parent":0,"menu_order":0,"comment_status":"closed","ping_status":"closed","template":"elementor_header_footer","meta":{"site-sidebar-layout":"no-sidebar","site-content-layout":"page-builder","ast-site-content-layout":"default","site-content-style":"default","site-sidebar-style":"default","ast-global-header-display":"","ast-banner-title-visibility":"","ast-main-header-display":"","ast-hfb-above-header-display":"","ast-hfb-below-header-display":"","ast-hfb-mobile-header-display":"","site-post-title":"disabled","ast-breadcrumbs-content":"","ast-featured-img":"disabled","footer-sml-layout":"","ast-disable-related-posts":"","theme-transparent-header-meta":"default","adv-header-id-meta":"","stick-header-meta":"","header-above-stick-meta":"","header-main-stick-meta":"","header-below-stick-meta":"","astra-migrate-meta-layouts":"default","ast-page-background-enabled":"default","ast-page-background-meta":{"desktop":{"background-color":"","background-image":"","background-repeat":"repeat","background-position":"center center","background-size":"auto","background-attachment":"scroll","background-type":"","background-media":"","overlay-type":"","overlay-color":"","overlay-opacity":"","overlay-gradient":""},"tablet":{"background-color":"","background-image":"","background-repeat":"repeat","background-position":"center center","background-size":"auto","background-attachment":"scroll","background-type":"","background-media":"","overlay-type":"","overlay-color":"","overlay-opacity":"","overlay-gradient":""},"mobile":{"background-color":"","background-image":"","background-repeat":"repeat","background-position":"center center","background-size":"auto","background-attachment":"scroll","background-type":"","background-media":"","overlay-type":"","overlay-color":"","overlay-opacity":"","overlay-gradient":""}},"ast-content-background-meta":{"desktop":{"background-color":"var(--ast-global-color-5)","background-image":"","background-repeat":"repeat","background-position":"center center","background-size":"auto","background-attachment":"scroll","background-type":"","background-media":"","overlay-type":"","overlay-color":"","overlay-opacity":"","overlay-gradient":""},"tablet":{"background-color":"var(--ast-global-color-5)","background-image":"","background-repeat":"repeat","background-position":"center center","background-size":"auto","background-attachment":"scroll","background-type":"","background-media":"","overlay-type":"","overlay-color":"","overlay-opacity":"","overlay-gradient":""},"mobile":{"background-color":"var(--ast-global-color-5)","background-image":"","background-repeat":"repeat","background-position":"center center","background-size":"auto","background-attachment":"scroll","background-type":"","background-media":"","overlay-type":"","overlay-color":"","overlay-opacity":"","overlay-gradient":""}},"pgc_sgb_lightbox_settings":"","footnotes":""},"class_list":["post-5033","page","type-page","status-publish","hentry"],"_links":{"self":[{"href":"https:\/\/deportesmil.com\/index.php?rest_route=\/wp\/v2\/pages\/5033","targetHints":{"allow":["GET"]}}],"collection":[{"href":"https:\/\/deportesmil.com\/index.php?rest_route=\/wp\/v2\/pages"}],"about":[{"href":"https:\/\/deportesmil.com\/index.php?rest_route=\/wp\/v2\/types\/page"}],"author":[{"embeddable":true,"href":"https:\/\/deportesmil.com\/index.php?rest_route=\/wp\/v2\/users\/1"}],"replies":[{"embeddable":true,"href":"https:\/\/deportesmil.com\/index.php?rest_route=%2Fwp%2Fv2%2Fcomments&post=5033"}],"version-history":[{"count":10,"href":"https:\/\/deportesmil.com\/index.php?rest_route=\/wp\/v2\/pages\/5033\/revisions"}],"predecessor-version":[{"id":6309,"href":"https:\/\/deportesmil.com\/index.php?rest_route=\/wp\/v2\/pages\/5033\/revisions\/6309"}],"wp:attachment":[{"href":"https:\/\/deportesmil.com\/index.php?rest_route=%2Fwp%2Fv2%2Fmedia&parent=5033"}],"curies":[{"name":"wp","href":"https:\/\/api.w.org\/{rel}","templated":true}]}}